{"id":44,"date":"2011-08-26T23:59:48","date_gmt":"2011-08-26T21:59:48","guid":{"rendered":"http:\/\/blog.copcea.ro\/?page_id=44"},"modified":"2016-02-12T11:48:37","modified_gmt":"2016-02-12T09:48:37","slug":"home","status":"publish","type":"page","link":"http:\/\/blog.copcea.ro\/","title":{"rendered":"Home"},"content":{"rendered":"<div class=\"02a7dab7e6fe5a0fbf433999ff85f046\" data-index=\"1\" style=\"float: none; margin:10px 0 10px 0; text-align:center;\">\n<script type=\"text\/javascript\"><!--\r\ngoogle_ad_client = \"ca-pub-2343103762362018\";\r\n\/* 336x280 *\/\r\ngoogle_ad_slot = \"8815738048\";\r\ngoogle_ad_width = 336;\r\ngoogle_ad_height = 280;\r\n\/\/-->\r\n<\/script>\r\n<script type=\"text\/javascript\"\r\nsrc=\"http:\/\/pagead2.googlesyndication.com\/pagead\/show_ads.js\">\r\n<\/script>\n<\/div>\n<div class='ro' style='' lang='ro' dir='ltr'>\n\u00cen acest site vei g\u0103si informa\u021bii personale \u0219i profesionale referitoare la mine, precum \u0219i documenta\u021bii, proiecte, etc..<\/p>\n<p>Situl a fost ref\u0103cut complet \u00een luna August 2011 \u0219i este trilingv (rom\u00e2n\u0103, englez\u0103 \u0219i francez\u0103).<\/p>\n<p>Toate materialele de pe acest site sunt (c) Cristian COPCEA.\n<\/p><\/div>\n<div class='fr' style='display:none;' lang='fr' dir='ltr'>\nSur ce site tu trouveras des informations personnelles et professionnelles qui me concernent, ainsi que des documentations, projets, etc.<\/p>\n<p>Le site a \u00e9t\u00e9 compl\u00e8tement refait en Ao\u00fbt 2011 et il est trilingve (roumain, anglais et fran\u00e7ais).<\/p>\n<p>Toute information sur ce site est (c) Cristian COPCEA.\n<\/p><\/div>\n<div class='en' style='display:none;' lang='en' dir='ltr'>\nOn this website you will find personal and professional information concerning me, as well as documentation, projects etc.<\/p>\n<p>The website has been totally rebuilt in August 2011 and it is trilingual (Romanian, English and French.<\/p>\n<p>All information on this website is (c) Cristian COPCEA.\n<\/p><\/div>\n<div style=\"width:650px;margin:0px;\">\n                        <script type=\"text\/javascript\">\n                                var flashvars = {settings: \"http:\/\/blog.copcea.ro\/wp-content\/plugins\/1-flash-gallery\/config.php?gall_id=2\", images : \"http:\/\/blog.copcea.ro\/wp-content\/plugins\/1-flash-gallery\/images.php?gall_id=2\"};\n                                var params = {bgcolor: \"#ffffff\", allowFullScreen: \"true\", wmode: \"transparent\"};\n                                swfobject.embedSWF(\"http:\/\/blog.copcea.ro\/wp-content\/plugins\/1-flash-gallery\/swf\/airion.swf\", \"flashcontent_227\", \"650\", \"400\", \"10.0.0\",false, flashvars, params);\n                          <\/script>\n                        <div id=\"flashcontent_227\"><img src=\"http:\/\/blog.copcea.ro\/wp-content\/plugins\/1-flash-gallery\/show_image_5.php?width=650&amp;filename=\/wp-content\/uploads\/fgallery\/20110827122320.jpg\" alt=\"Pufila tuns\" \/><br \/>\n                                <strong>You need to upgrade your Flash Player<\/strong>\n                         <\/div><div class=\"fgallery_message\"><\/div><\/div>\n\n<div style=\"font-size: 0px; height: 0px; line-height: 0px; margin: 0; padding: 0; clear: both;\"><\/div>","protected":false},"excerpt":{"rendered":"<p>\u00cen acest site vei g\u0103si informa\u021bii personale \u0219i profesionale referitoare la mine, precum \u0219i documenta\u021bii, proiecte, etc.. Situl a fost ref\u0103cut complet \u00een luna August 2011 \u0219i este trilingv (rom\u00e2n\u0103, englez\u0103 \u0219i francez\u0103). Toate materialele de pe acest site sunt (c) Cristian COPCEA. Sur ce site tu trouveras des informations personnelles et professionnelles qui me <a href='http:\/\/blog.copcea.ro\/' class='excerpt-more'>[&#8230;]<\/a><\/p>\n","protected":false},"author":2,"featured_media":0,"parent":0,"menu_order":0,"comment_status":"closed","ping_status":"closed","template":"","meta":[],"_links":{"self":[{"href":"http:\/\/blog.copcea.ro\/index.php?rest_route=\/wp\/v2\/pages\/44"}],"collection":[{"href":"http:\/\/blog.copcea.ro\/index.php?rest_route=\/wp\/v2\/pages"}],"about":[{"href":"http:\/\/blog.copcea.ro\/index.php?rest_route=\/wp\/v2\/types\/page"}],"author":[{"embeddable":true,"href":"http:\/\/blog.copcea.ro\/index.php?rest_route=\/wp\/v2\/users\/2"}],"replies":[{"embeddable":true,"href":"http:\/\/blog.copcea.ro\/index.php?rest_route=%2Fwp%2Fv2%2Fcomments&post=44"}],"version-history":[{"count":12,"href":"http:\/\/blog.copcea.ro\/index.php?rest_route=\/wp\/v2\/pages\/44\/revisions"}],"predecessor-version":[{"id":1565,"href":"http:\/\/blog.copcea.ro\/index.php?rest_route=\/wp\/v2\/pages\/44\/revisions\/1565"}],"wp:attachment":[{"href":"http:\/\/blog.copcea.ro\/index.php?rest_route=%2Fwp%2Fv2%2Fmedia&parent=44"}],"curies":[{"name":"wp","href":"https:\/\/api.w.org\/{rel}","templated":true}]}}